t, -5*z + 5*t + 88140 = 0. Is z prime?
True
Suppose -3*z - 6 = 5*c, 3*c - 7*c + 4*z = -8. Let f(j) = j**2 + 2*j + 3. Let i be f(c). Suppose 5*w - i*q = -q + 147, -139 = -5*w + 4*q. Is w a prime number?
True
Suppose 296*q + 3755668 = 324*q. Is q prime?
False
Let f be (-8)/((-280)/(-21)) + (-5002)/5. Let o = f - -2054. Suppose 13*t - 1430 = o. Is t prime?
True
Let l be (-1*2/3*21)/2. Let t = l + 12. Suppose 638 = t*n - h, 4*n + n - 5*h = 650. Is n a prime number?
True
Let q(c) = 7*c**2 + 2*c + 5. Let s be q(-4). Suppose -5*n + 8 = 2*w, 10*w + 4 = 6*w. Suppose 2*b - 108 = -h, -s = h - n*h - 3*b. Is h a composite number?
True
Let m = 59589 + -25486. Is m a composite number?
True
Let f(p) = 3*p**2 + p - 1. Let v be f(0). Let w(j) = 5*j**3 - 3*j**2 - 2*j + 5. Let m be w(-4). Is m/(0 + v/1) a prime number?
False
Let k be 4/(-10) - (-2 + 231/35). Let s be (-3)/k + (43/(-5) - -1). Let y(x) = x**3 + 11*x**2 + 6*x - 11. Is y(s) composite?
True
Let r(d) = 1036*d**2 + 5*d - 98. Is r(-9) composite?
False
Let p(s) = 275*s - 3. Let u(c) = c. Let j be u(5). Suppose -m + 4*h = -2, j*m + 3 = 2*h + 13. Is p(m) composite?
False
Suppose 3*a + u - 401 = 0, 2*a - 7*u + 2*u = 290. Suppose -9*z + 17*z - 21008 = 0. Let c = a + z. Is c prime?
False
Let l(p) = -12*p + 37. Let d be l(2). Let h(a) = 6*a**2 + 18*a - 35. Is h(d) composite?
False
Suppose -2*r + r + 2 = 0, -3*u + 65 = -5*r. Is 1/((-125)/u + 101616/20323) a prime number?
True
Suppose -8*u + 15533 = -26883. Is 4/14 - u/(-14) prime?
True
Suppose -2951*l = -2925*l - 560482. Is l prime?
True
Suppose 0 = 4*v + 5*h + 58241 - 149576, v - 22836 = -2*h. Suppose 3*t + v = 3*r, -r = r - 3*t - 15223. Is r prime?
True
Suppose 5*v - 118709 = 4*m, 0 = 3*m + 25 - 22. Is v composite?
False
Let q(v) = -92561*v + 79. Let x be q(-7). Is (1/2)/(51/x) a composite number?
False
Let h(v) = -6*v - 1. Let j be h(-2). Suppose 14*w - 3*i = 19*w - 26964, 2*i + 4 = 0. Suppose -j*q + w = -5*q. Is q a composite number?
True
Let t(q) = 4830*q**3 - 17 + q**2 + 24 - 8 - q + 0*q**2. Is t(1) a composite number?
True
Is 127/4*(-133724)/(-101) a composite number?
True
Is ((-744)/(-48))/(-31)*(-11846 - 0) prime?
True
Let o(l) = l**3 - 7*l**2 + 5*l + 1. Let k be o(6). Let u be (-3 + 1)*k/10. Is (u - 15)*3/(-6) composite?
False
Let q be 4/(-12) - (-2)/6. Is 943 - (-3)/(-12)*q a prime number?
False
Let i = -4134 + 9717. Let n = i - 2410. Suppose -6*f + 11681 = n. Is f a prime number?
False
Suppose 145*t = 146*t - 4*i - 529277, 2*t + 2*i - 1058614 = 0. Is t a composite number?
False
Suppose 2*a + 226726 = 685480 + 398188. Is a composite?
False
Let i = 15111 - -3322. Is i a composite number?
False
Suppose -5*p - 46*h = -42*h - 626460, -3*p = h - 375869. Suppose 15*u = 23*u - p. Is u composite?
False
Let c(x) = -116546*x + 8055. Is c(-7) prime?
True
Let l(h) be the first derivative of 41*h**3/3 + 5*h + 12. Is l(-6) prime?
True
Suppose 18*h - 3*g = 20*h - 417227, h - 208603 = 2*g. Is h a prime number?
True
Suppose 26821 = 5*x - 70184. Suppose 5*f = 5*m + 13840, -m - x + 5541 = -5*f. Is f a prime number?
False
Let a(y) = -3*y + 5. Suppose -4*n = -n - 3. Let f be a(n). Suppose f*b - 140 = -b - r, -186 = -4*b - 2*r. Is b composite?
False
Suppose 56*b - 1095306 - 545860 - 1523786 = 0. Is b composite?
True
Let l(o) = o**3 - o**2 - 9*o + 13. Let n be l(3). Suppose 1616 = -k - n*m + 8491, 0 = -4*k - m + 27530. Is k composite?
False
Suppose -20 = 4*z, 3*z - 2040746 = 5*y - 6448896. Is y a prime number?
False
Let m = 375300 - 188042. Is m prime?
False
Let j be (1 + -1)*(-1)/2. Suppose j = k + 3*z - 943, -5*z + 2*z = 2*k - 1898. Is 1/(1 - 950/k) a composite number?
False
Suppose -96698 = 11*x - 25*x. Let d = x + 12550. Is d a composite number?
False
Suppose -38*t + 320 = -36*t. Suppose -4*g = -508 + t. Is g composite?
True
Suppose 16*c = -2*a + 2966964, 741742 = 4*c + 78*a - 77*a. Is c a prime number?
False
Let y = 53 - 16. Suppose -3*v = -14 - y. Let d = v + 110. Is d a prime number?
True
Let y = 26 + 9. Let n be ((-15)/(-9))/(y/42). Suppose -4*g - 6612 = -6*i + 2*i, -3322 = -2*i - n*g. Is i prime?
True
Let x(i) = -15*i**3 - 4*i**2 - 68*i - 23. Is x(-20) prime?
True
Let c = 3381 - 410. Let s = 6566 - c. Is s a prime number?
False
Let z(i) = i**3 - 27*i**2 + 24*i - 52. Let h be z(26). Suppose -42 = 2*g - 5*g. Let d = g - h. Is d a prime number?
False
Let x be (60/(-25))/(4/(-10)). Is (6 + 7962/(-9))/((-4)/x) a composite number?
True
Let h = 693 + -693. Let y(w) = -1176*w - 1. Let q be y(1). Is (-6)/(-27) + h + q/(-9) a composite number?
False
Suppose 22 = 2*v - 4*s, -2*v + 7 = -v - s. Let w be 3/6*(-5 - v). Let d(q) = -4*q**3 + q**2 + 5*q + 2. Is d(w) prime?
False
Suppose 2*p - 7*p - 5 = 0. Let u be (-2*353*p)/2. Let w = -184 + u. Is w a composite number?
True
Suppose 15*j = 138608 - 6743. Is j prime?
False
Let s(g) = -12*g + 194*g**2 - 2 - 195*g**2 - 7. Let u be s(-11). Is (u - 1) + -25*(3 - 75) composite?
False
Suppose 6*p - 2*h = 156484, -5*p + h + 95909 + 34495 = 0. Is p composite?
True
Suppose 0 = -4*w - 17514 + 5618. Let q = 6643 + w. Is q prime?
False
Suppose 5*a - 281 = -k, -a = -105*k + 106*k - 57. Suppose -18013 - 110395 = -a*n. Is n a prime number?
True
Let u(a) = a**3 - 9*a**2 - 72*a - 225. Is u(19) a composite number?
False
Is (-36)/(-9) + (1498 - 0/(-2)) composite?
True
Suppose -4*b + 158 = -598. Let n = b + 366. Suppose 3*m - n = -12*m. Is m a composite number?
False
Suppose -3*o - o = -8. Suppose 15*f = o*f. Suppose f = -7*d - 1421 + 5530. Is d a composite number?
False
Let v(x) be the third derivative of 233*x**4/24 + 97*x**3/6 - 2*x**2 - 88. Is v(8) composite?
True
Suppose 4*g - 2171252 = -3*j, -34*g + 542827 = -33*g - j. Is g a prime number?
False
Let c be 8 + (-1 - -3)*-13. Let t(s) = -138*s + 125. Is t(c) composite?
False
Let f = 17 + -68. Let x = -148 + f. Let b = x + 2352. Is b prime?
True
Let y(l) = -76*l**3 - 9*l**2 - 119*l - 475. Is y(-4) a composite number?
False
Suppose 40 = 30*v - 22*v. Suppose -v*n + 2*p + 22341 = 3*p, 17872 = 4*n + p. Is n a composite number?
True
Let g(j) = -4*j**3 + 20*j**2 + 4*j - 16. Let s be g(5). Suppose -12*t + s*t = -34424. Is t a prime number?
False
Suppose -l + 221163 = 4*c, l - 6 = -7. Is c a composite number?
False
Suppose 4*u + 5*l - 4*l + 5 = 0, u - 2*l = 1. Is -4362*(8/16 + u) prime?
False
Let g(f) = -f**3 - 29*f**2 - 58*f - 107. Let y be g(-27). Let a(h) = 5083*h**2 + 18*h - 2. Is a(y) a prime number?
True
Is (19 - 463200)/(-2 + 1) a composite number?
False
Suppose 203*i - 201*i = -5*o + 1882677, -5*o = 3*i - 2824028. Is i composite?
False
Suppose -4*c + 3612048 = 4*d, 3*d + 14*c - 9*c = 2709026. Is d a prime number?
True
Let a(p) be the second derivative of 101*p**6/360 - 7*p**5/40 + 5*p**4/3 - 32*p. Let j(q) be the third derivative of a(q). Is j(4) a composite number?
False
Let v(u) = -9*u - 21. Let x be v(-3). Is x + 81/(-9) + 2743 + 1 a prime number?
True
Let i(q) = -4892*q + 415. Is i(-14) a prime number?
True
Suppose 3*i + 4*g = -3, 8*i - 2*g - 3 = 11*i. Is -5 - i*(-7 + 18598) a composite number?
True
Let n(t) = -40*t**2 - 7. Let j(g) = g**2 + g + 1. Let k(p) = 2*j(p) - n(p). Suppose 2*s + 5*r = -3, 0*s - s = 4*r. Is k(s) prime?
True
Let o(a) = -2 - 71*a - 16 + 4. Let f be o(-3). Suppose -7*j - f = -1060. Is j a composite number?
True
Suppose -3*u - u + 35990 = 2*b, -3*u = 3*b - 26994. Is u composite?
True
Let r(s) = -316*s**3 + 4*s**2 + 10*s + 25. Is r(-3) composite?
False
Suppose 5*b + 3*i - 8787991 = 0, -394*b - 5*i = -391*b - 5272801. Is b prime?
True
Suppose -u = 4*u + 3*s + 128, -3*u + 4*s = 100. Let n(g) = g**3 + 29*g**2 - 32*g + 131. Is n(u) a composite number?
False
Suppose -5*d = -4*p - 10, p - 7*d = -2*d - 10. Suppose p = 15*q - 11*q - 8284. Suppose -19*w + 5434 - q = 0. Is w composite?
True
Is 0 - -3 - (-11154899)/35 - 21/15 composite?
False
Suppose -39*t - 100*t = -101982493. Is t a composite number?
False
Let y(h) = -h**3 - 13*h**2 + 14*h + 19. Let x be 1/(-2*1/(-6)). Suppose r = -x*v - 11, 5*v - 32 = 2*r + v. Is y(r) composite?
False
Suppose 0 = p + 9*p + 39530. Let x = p - -6244. Is x composite?
True
Suppose y = -3*q - 4*y + 214514, -2*q - 3*y + 143009 = 0. Is q composite?
False
Let i(b) = 4208*b - 1527. Is i(7) prime?
False
Let h(l) = -378*l**2 - 5*l + 1. Let g be h(-1). Suppos